7075
Convert -10000010110110111 (base 2) to base 16.
-105b7
What is -2512117 (base 8) in base 3?
-1022020001210
1829938 (base 10) to base 5
432024223
133303330 (base 4) to base 14
356b2
-283203 (base 9) to base 13
-6093c
Convert 64b37 (base 12) to base 7.
1062424
2de77c (base 16) to base 9
5584644
What is 1000010011111110011 (base 2) in base 7?
2213041
What is -20045 (base 9) in base 7?
-53243
Convert 401074 (base 8) to base 4.
200020330
7133223 (base 11) to base 14
196377b
What is 4338415 (base 9) in base 14?
448964
-1010001010111010 (base 2) to base 13
-15c66
Convert 2011641 (base 7) to base 5.
30111430
Convert -44b5c (base 13) to base 16.
-1e828
Convert 10010100101000100 (base 2) to base 14.
1da3a
125430201 (base 6) to base 3
11201102002201
What is -101102202102021 (base 3) in base 15?
-748307
Convert 3344231 (base 5) to base 4.
32132310
What is -424103401 (base 5) in base 15?
-253ca1
Convert 1474514 (base 10) to base 2.
101100111111111010010
Convert 10503656 (base 7) to base 9.
1634745
62cc (base 15) to base 11
14773
What is -bbe (base 15) in base 12?
-1652
Convert -8b168a (base 14) to base 2.
-10010000010100101111010
-5dafcb (base 16) to base 12
-20811a3
-1000001110011110000 (base 2) to base 6
-5435532
-11120101000 (base 3) to base 10
-89937
Convert -10101100101010010000 (base 2) to base 11.
-443384
305178 (base 11) to base 16
77a1e
What is -311400335 (base 6) in base 2?
-10100100101100011000011
Convert 44054425 (base 6) to base 7.
14111351
What is -1363046 (base 8) in base 15?
-79833
4569b (base 16) to base 3
112110000012
Convert 1011525 (base 10) to base 4.
3312331011
What is -120011120201 (base 3) in base 7?
-2352340
3033311313 (base 4) to base 14
182367
What is -144102334 (base 5) in base 16?
-bbc46
Convert 114308 (base 9) to base 11.
47745
-124640 (base 9) to base 11
-51896
214a1b (base 14) to base 10
1127025
7c7e (base 16) to base 11
21a43
What is 11213051 (base 6) in base 14?
8d59d
2479096 (base 12) to base 16
6cc432
Convert 1005243 (base 14) to base 4.
130301232123
-4d84c9 (base 14) to base 8
-12145721
-3104385 (base 10) to base 7
-35246454
Convert -30b1d (base 16) to base 14.
-52989
-106a44 (base 15) to base 14
-164d6b
-16881 (base 16) to base 3
-11200121010
4aab6 (base 13) to base 10
138053
-122112100021 (base 3) to base 7
-2635012
-1220142 (base 12) to base 9
-6562735
What is -4482651 (base 10) in base 6?
-240025003
Convert 1423414143 (base 5) to base 9.
7017826
What is 1aa33 (base 15) in base 13?
305b2
-11772b (base 15) to base 9
-1512655
Convert -2436036 (base 7) to base 8.
-1141006
Convert -120220122 (base 3) to base 12.
-6868
-1010000111000000011 (base 2) to base 6
-11033351
-24302111 (base 8) to base 15
-707d71
1560b63 (base 12) to base 16
42787b
Convert -164232 (base 8) to base 10.
-59546
-3345610 (base 8) to base 11
-568274
-2733425 (base 10) to base 3
-12010212112222
76c72 (base 15) to base 5
44034212
Convert 22011020111 (base 3) to base 8.
471453
-161112 (base 11) to base 12
-100a76
-3427a (base 15) to base 10
-165940
15369b (base 16) to base 9
2548035
1110010100000110100111 (base 2) to base 15
4e1c24
-216552 (base 10) to base 13
-7774b
8879 (base 16) to base 5
2104222
-427016 (base 10) to base 5
-102131031
Convert -252345112 (base 6) to base 14.
-911164
Convert -3415705 (base 10) to base 5.
-1333300310
-240256 (base 15) to base 2
-110100100010110110101
Convert 300013120 (base 4) to base 12.
96074
Convert 2521085 (base 10) to base 9.
4662245
What is -c78b4a (base 13) in base 6?
-244111124
-12113454 (base 7) to base 13
-2ba361
What is 35270a4 (base 11) in base 10?
6158651
-164412 (base 10) to base 6
-3305100
126c97 (base 13) to base 8
1542545
1280341 (base 9) to base 3
1022200101101
Convert 46b67 (base 12) to base 9.
154247
Convert 3a849a (base 13) to base 15.
1d0198
Convert 234515 (base 6) to base 12.
ba3b
What is 7110c (base 15) in base 11?
224a63
What is -4672b (base 12) in base 6?
-2004455
What is 23320153 (base 7) in base 6?
112015251
Convert -2910266 (base 10) to base 7.
-33510512
What is 7461 (base 11) in base 3?
111112111
280163 (base 11) to base 6
13230204
What is -312200101 (base 4) in base 10?
-223249
-189436 (base 10) to base 3
-100121212011
What is -44700021 (base 8) in base 14?
-13d8b3b
-1226a14 (base 11) to base 16
-2088bc
Convert -3b041 (base 14) to base 10.
-145489
5055112 (base 6) to base 13
85847
What is 1120020222 (base 4) in base 13?
c8415
What is 110001111101100110 (base 2) in base 11?
12a832
Convert b591a (base 12) to base 5.
30104204
What is -342415 (base 7) in base 5?
-3422134
-1001001010100010 (base 2) to base 4
-21022202
What is 891571 (base 10) in base 15?
129281
Convert -10911601 (base 10) to base 12.
-37a2701
What is -343343343 (base 5) in base 14?
-2c2770
Convert -b022 (base 13) to base 8.
-57203
What is -a4b198 (base 12) in base 11?
-150a33a
809246 (base 11) to base 5
313110204
Convert -47a34 (base 11) to base 15.
-15738
-83816 (base 9) to base 13
-1c25a
Convert -111111111111111011 (base 2) to base 7.
-2141153
100010010101101111100000 (base 2) to base 8
42255740
313606 (base 9) to base 6
3554523
What is -33632120 (base 7) in base 8?
-13137222
-2309b (base 14) to base 9
-138777
What is 5164527 (base 8) in base 2?
101001110100101010111
What is -1542377 (base 8) in base 10?
-443647
What is -1efea (base 16) in base 14?
-343a2
Convert -665575 (base 8) to base 7.
-1622266
1666c6 (base 13) to base 15
b0097
Convert -5491143 (base 10) to base 11.
-3110639
d84276 (base 14) to base 10
7310512
What is -10111010101001110000110 (base 2) in base 5?
-3031204410
What is 479a27 (base 13) in base 5?
414102340
Convert 1011010011101001000101 (base 2) to base 9.
5516804
Convert -144265 (base 7) to base 3.
-1102022101
Convert -23333212300 (base 4) to base 2.
-1011111111100110110000
Convert 3371266 (base 10) to base 4.
30313010002
Convert -15079a (base 11) to base 16.
-396cc
What is 1110111111001000101011 (base 2) in base 3?
21101121001102
Convert -10212101200010 (base 3) to base 5.
-1011223221
Convert -40011102 (base 7) to base 10.
-3296967
Convert 2630036 (base 7) to base 8.
1236512
What is b3a78c (base 15) in base 16?
825129
-4a568a (base 14) to base 12
-a2bb76
9b8 (base 14) to base 7
5421
What is 111123011 (base 4) in base 7?
513554
What is -1183b86 (base 14) in base 8?
-37771252
What is -21a888 (base 14) in base 12?
-4716a0
What is -3417213 (base 9) in base 4?
-13001302311
What is 1200231 (base 6) in base 15?
136d4
Convert 11757a (base 15) to base 3.
1120102012221
What is 4402022402 (base 5) in base 4?
203320311230
Convert 1674ae (base 16) to base 5.
334043122
What is 1332918 (base 10) in base 16?
1456b6
What is -22a640 (base 11) in base 15?
-73444
Convert -231316 (base 7) to base 12.
-1bab4
What is -3551032 (base 7) in base 15?
-8d21d
-17a90b (base 15) to base 4
-10120221200
What is -30f889 (base 16) in base 14?
-5d7837
69474 (base 11) to base 7
565453
What is -25486163 (base 9) in base 15?
-1173829
What is 11921355 (base 10) in base 9?
24380020
Convert 153149 (base 10) to base 7.
1205333
Convert 1142551 (base 12) to base 14.
6268d7
Convert 51718 (base 9) to base 6.
421542
2150689 (base 10) to base 11
1239932
What is -10d69b (base 16) in base 2?
-100001101011010011011
What is 391976 (base 10) in base 7?
3221534
Convert 113234223 (base 5) to base 13.
15485a
Convert 13031a (base 11) to base 9.
342625
Convert 19653 (base 14) to base 7.
355433
What is -734342 (base 8) in base 4?
-323203202
What is 212122220212201 (base 3) in base 5?
11204412030
What is a09c (base 13) in base 12?
10957
What is -3983 (base 11) in base 12?
-2bb1
Convert -8533 (base 12) to base 16.
-38f7
-2108721 (base 9) to base 10
-1128349
Convert -107a368 (base 12) to base 2.
-1100000000110010000000
37b6c7b (base 13) to base 9
35673540
Convert 721627 (base 8) to base 5.
30112422
13a17 (base 16) to base 3
11002022001
854491 (base 12) to base 13
587962
What is -154177 (base 9) in base 5?
-11014141
-3222011420 (base 5) to base 14
-c9a9a9
-22313323213 (base 4) to base 2
-1010110111111011100111
What is -23133013220 (base 4) in base 12?
-1012608
50201 (base 12) to base 5
11311334
What is 22248575 (base 9) in base 10?
10779467
Convert -106891 (base 13) to base 12.
-167421
1101011000001001111 (base 2) to base 13
1246a4
Convert 3c194 (base 16) to b